179, 27281
List the prime factors of 110074528.
2, 3439829
List the prime factors of 5261228490.
2, 3, 5, 7, 353, 10139
List the prime factors of 1544291850.
2, 3, 5, 241, 42719
List the prime factors of 4729653564.
2, 3, 41, 419, 22943
List the prime factors of 33348444.
2, 3, 73, 38069
What are the prime factors of 235192016?
2, 1087, 13523
What are the prime factors of 2626574504?
2, 43, 7635391
List the prime factors of 123920079.
3, 83, 497671
List the prime factors of 4226520525.
3, 5, 43, 1310549
List the prime factors of 626336651.
626336651
What are the prime factors of 1376996859?
3, 7, 61, 358313
What are the prime factors of 33847899?
3, 1951, 5783
What are the prime factors of 6574226874?
2, 3, 223, 4913473
List the prime factors of 1898942553.
3, 59, 3576163
What are the prime factors of 2163945234?
2, 3, 11, 503, 65183
What are the prime factors of 646673498?
2, 323336749
List the prime factors of 332583387.
3, 110861129
List the prime factors of 6072389184.
2, 3, 31627027
List the prime factors of 64846411.
7, 19, 73, 6679
What are the prime factors of 242484009?
3, 23, 43, 81727
What are the prime factors of 83785372?
2, 11, 829, 2297
List the prime factors of 897774453.
3, 19, 5250143
What are the prime factors of 41956511?
101, 487, 853
List the prime factors of 120436770.
2, 3, 5, 4014559
What are the prime factors of 58284087?
3, 19428029
List the prime factors of 828166.
2, 414083
What are the prime factors of 31460118?
2, 3, 67, 78259
List the prime factors of 224182468.
2, 17, 3296801
What are the prime factors of 705685409?
11, 13, 4934863
List the prime factors of 44660337.
3, 727, 20477
What are the prime factors of 904470528?
2, 3, 13, 19, 149
What are the prime factors of 162372996?
2, 3, 911, 4951
List the prime factors of 17613710.
2, 5, 1761371
List the prime factors of 81041361.
3, 233, 269, 431
What are the prime factors of 168551094?
2, 3, 853, 32933
What are the prime factors of 41324109?
3, 13774703
What are the prime factors of 123720894?
2, 3, 11, 19, 32887
List the prime factors of 5218872810.
2, 3, 5, 173962427
What are the prime factors of 199008968?
2, 24876121
List the prime factors of 40446605.
5, 8089321
List the prime factors of 1819142248.
2, 7, 11, 31, 439
List the prime factors of 301287621.
3, 100429207
What are the prime factors of 328895095?
5, 65779019
What are the prime factors of 1903922743?
59, 32269877
What are the prime factors of 152753914?
2, 1543, 49499
What are the prime factors of 83857500?
2, 3, 5, 3727
What are the prime factors of 1482663327?
3, 494221109
List the prime factors of 224960487.
3, 74986829
List the prime factors of 4864908458.
2, 43, 67, 844309
List the prime factors of 1397619591.
3, 29, 16064593
List the prime factors of 1103672849.
643, 1716443
List the prime factors of 347647284.
2, 3, 9656869
What are the prime factors of 1616622229?
23, 70287923
List the prime factors of 2002894898.
2, 1001447449
List the prime factors of 6525464883.
3, 7, 310736423
What are the prime factors of 568702499?
29, 67, 292693
What are the prime factors of 298056867?
3, 29, 37, 92593
List the prime factors of 50042857.
50042857
List the prime factors of 364731019.
2389, 152671
List the prime factors of 1396862827.
787, 1774921
List the prime factors of 304635430.
2, 5, 11, 29, 37, 89
List the prime factors of 1935271707.
3, 645090569
What are the prime factors of 1002588700?
2, 5, 10025887
What are the prime factors of 109099820?
2, 5, 587, 9293
What are the prime factors of 4772249229?
3, 11, 773, 187081
What are the prime factors of 32817564?
2, 3, 13, 70123
What are the prime factors of 23043605?
5, 13, 53, 6689
What are the prime factors of 190222489?
23, 47, 149, 1181
List the prime factors of 1461186986.
2, 7, 449, 232451
What are the prime factors of 526970104?
2, 65871263
What are the prime factors of 736053921?
3, 81783769
List the prime factors of 1178706815.
5, 11, 13, 17, 96973
What are the prime factors of 606784585?
5, 11, 11032447
List the prime factors of 7617468.
2, 3, 103, 6163
What are the prime factors of 752800727?
7, 107542961
List the prime factors of 1503976603.
181, 197, 42179
What are the prime factors of 133840415?
5, 107, 250169
What are the prime factors of 1116998647?
3083, 362309
What are the prime factors of 662488226?
2, 59, 271, 20717
What are the prime factors of 138262347?
3, 71, 216373
What are the prime factors of 4384798928?
2, 274049933
What are the prime factors of 193655039?
2909, 66571
What are the prime factors of 25912158?
2, 3, 79, 54667
What are the prime factors of 313214352?
2, 3, 11, 593209
What are the prime factors of 19540527?
3, 1151, 5659
What are the prime factors of 15056002?
2, 13, 227, 2551
What are the prime factors of 2201688998?
2, 173, 2087, 3049
What are the prime factors of 250785458?
2, 7, 11, 1628477
List the prime factors of 1013482516.
2, 89, 2846861
What are the prime factors of 261798948?
2, 3, 19, 382747
What are the prime factors of 14593305?
3, 5, 972887
List the prime factors of 362837783.
7, 11, 17, 109, 2543
What are the prime factors of 750456489?
3, 23, 10876181
What are the prime factors of 613563729?
3, 41, 4988323
List the prime factors of 51551100.
2, 3, 5, 61, 313
What are the prime factors of 84005310?
2, 3, 5, 41, 163, 419
List the prime factors of 200013378.
2, 3, 33335563
What are the prime factors of 804160240?
2, 5, 13, 773231
What are the prime factors of 335240709?
3, 23, 4858561
List the prime factors of 140973721.
7, 173, 116411
List the prime factors of 1391731378.
2, 43, 1049, 15427
List the prime factors of 2331058355.
5, 113, 4125767
List the prime factors of 496363082.
2, 248181541
What are the prime factors of 795354686?
2, 7, 56811049
What are the prime factors of 1068505155?
3, 5, 7914853
List the prime factors of 142666828.
2, 587, 60761
List the prime factors of 221171551.
221171551
What are the prime factors of 7487809874?
2, 31, 73, 131, 173
List the prime factors of 3149711684.
2, 7, 3181, 35363
What are the prime factors of 63077947?
43, 1466929
What are the prime factors of 188666582?
2, 13, 1303, 5569
List the prime factors of 5549824377.
3, 205549051
What are the prime factors of 320950073?
23, 13954351
List the prime factors of 1825329698.
2, 1289, 708041
List the prime factors of 132333630.
2, 3, 5, 11, 13, 109, 283
List the prime factors of 64888179.
3, 21629393
List the prime factors of 112711464.
2, 3, 1565437
List the prime factors of 78009762.
2, 3, 13001627
List the prime factors of 407067981.
3, 263, 515929
What are the prime factors of 2866376?
2, 358297
List the prime factors of 185918045.
5, 37183609
List the prime factors of 4015592.
2, 7, 71707
List the prime factors of 66878089.
23, 29, 100267
List the prime factors of 755489839.
13, 709, 81967
What are the prime factors of 1070333476?
2, 267583369
What are the prime factors of 224762620?
2, 5, 73, 153947
What are the prime factors of 27984286?
2, 11, 149, 8537
List the prime factors of 307343858.
2, 31, 4957159
What are the prime factors of 617809040?
2, 5, 29, 266297
List the prime factors of 44473704.
2, 3, 11, 29, 37, 157
What are the prime factors of 918463509?
3, 41, 829687
List the prime factors of 303455134.
2, 17, 269, 33179
List the prime factors of 143829424.
2, 109, 82471
List the prime factors of 85123540.
2, 5, 257, 16561
What are the prime factors of 75720118?
2, 37860059
What are the prime factors of 309728133?
3, 11, 13, 240659
List the prime factors of 24691475.
5, 987659
List the prime factors of 367725933.
3, 97, 140407
List the prime factors of 254477280.
2, 3, 5, 151, 3511
What are the prime factors of 1817376765?
3, 5, 1049, 115499
What are the prime factors of 1027074609?
3, 11, 31, 334661
What are the prime factors of 44787929?
487, 91967
What are the prime factors of 1029264726?
2, 3, 7, 337, 72719
What are the prime factors of 34157761?
11, 3105251
What are the prime factors of 77070904?
2, 53, 67, 2713
List the prime factors of 72193274.
2, 19, 23, 82601
What are the prime factors of 1209210432?
2, 3, 6297971
What are the prime factors of 639106241?
89, 7180969
What are the prime factors of 593086613?
7, 67, 1264577
What are the prime factors of 27959848?
2, 7, 499283
List t